*c - 3*q - 144 = p. What is the units digit of c?
3
Let y(u) = -u**3 + 18*u**2 - 23*u + 15. Let z be y(11). Suppose 7*i - 203 = z. What is the hundreds digit of i?
1
Let w(v) = -7*v**2 - 6*v**2 + 8*v**2 - 11*v**2 - 34*v + 17 + 14*v**2. What is the units digit of w(-14)?
1
Suppose 15*c - 140107 = 422033. What is the hundreds digit of c?
4
Let j = -187 + 180. Let r(n) = 4*n**2 + 5*n - 9. What is the hundreds digit of r(j)?
1
Let g = 8997 - -736. What is the units digit of g?
3
Let n be (-4)/((-63)/81 + (-4)/18). Suppose 2*q - 7 + 1 = 0. Suppose n*u - 903 = g, u - 5*g = q*u - 479. What is the hundreds digit of u?
2
Let n = 33362 - 16235. What is the thousands digit of n?
7
Let n(r) be the third derivative of -r**5/60 + 19*r**4/24 + 5*r**3/6 - 22*r**2. What is the units digit of n(9)?
5
Let i(z) = -337*z**3 + 2*z**2 + 3*z + 1. Let f be i(-1). Suppose -4*t - 9 = -f. Let w = t - 47. What is the tens digit of w?
3
What is the thousands digit of (1 + 6)*((-2)/(-13) - 1098252/(-2457))?
3
Suppose 2*h = -5*f + 703, -2*h + 260 + 431 = f. Suppose 0 = i - 3*d - 65 - h, 5*d - 25 = 0. What is the units digit of i?
4
What is the thousands digit of 4268 + -8 + -1 + (-5)/1?
4
Let h(g) be the second derivative of g**4/12 + 13*g**3/6 + 4*g**2 + g. Let t be h(-8). Let j = t + 86. What is the tens digit of j?
5
Let x(p) = -p + 33. Let g be x(24). Suppose 0 = g*t - 47 - 70. Suppose t*s - 5*s = 2064. What is the units digit of s?
8
Let c(w) = 35*w**2 + w - 2. Let a be (9 - 3)*8/12. Let i be 4*a/(-8) - (-2 + -2). What is the tens digit of c(i)?
4
Let w = 4331 - 3086. What is the thousands digit of (10*3)/((-17400)/w - -14)?
1
Let n be 2/((-5)/(5/(-2)))*-12. Let h = 15 + n. Suppose 2*g + h*g - 240 = 0. What is the units digit of g?
8
Suppose 72*n - 684 = 69*n. Let g = n + 54. What is the tens digit of g?
8
Suppose d + 4*l = 6197, l + 12418 = 2*d + 3*l. Suppose t + 546 + 1005 = k, 4*k + 5*t - d = 0. What is the thousands digit of k?
1
Let g(k) = 3*k**3 - k**2 + 2*k - 1. Let p be g(1). Suppose 5*m + 55 + p = -a, m + 23 = -4*a. Let l(x) = -x**2 - 13*x + 4. What is the units digit of l(m)?
6
What is the ten thousands digit of (-704718)/170*(-10 + 2 + 3)?
2
What is the hundreds digit of 3/18 - 1852445/(-294)?
3
Let q be 6*((-23144)/(-60) - (-4)/(-10)). Let c = q - 1516. What is the units digit of c?
6
Let j(h) = -h**2 + 19*h - 37. Suppose 4*b - 9*b - 47 = -2*p, -p + b = -19. Let x be j(p). Let u = 37 + x. What is the tens digit of u?
4
Suppose 0 = -z + 3*v + 5, 5*v - 4 = z - 9. What is the tens digit of (-1)/((-2988)/597 + z)?
9
What is the hundreds digit of ((-100)/80)/((-10)/182488)?
8
Let g(r) = r**2 + 3*r - 38. Let b be g(5). Suppose 4*v - 1168 = -v - 4*k, 0 = b*v - k - 462. What is the hundreds digit of v?
2
Let f be (-30)/9*(-42)/10. Let h = f + 43. Let j = 150 - h. What is the tens digit of j?
9
Suppose 3*z + 4 - 1 = -3*j, -5*j + 3 = 3*z. Suppose -5*b = -4*k + 1921, -2*k - j*b = -4*b - 953. What is the hundreds digit of k?
4
Let h be (-2)/(-15) + 1504/(-30). Let z = h - -131. What is the units digit of z + -4 + 3 - -3?
3
Let n(m) be the second derivative of m**5/12 - 11*m**4/6 + 7*m**3 + 6*m. Let k(x) be the second derivative of n(x). What is the hundreds digit of k(26)?
2
Let n(q) = -144*q**2 - 3*q + 135*q**2 + q + 7. Let c be n(4). Let w = -42 - c. What is the hundreds digit of w?
1
Let q(n) = n - 33. Let i be q(19). Let f be 7/i + (-1917)/(-6). Suppose -x - 5*g = -46, -68 = 5*x + 4*g - f. What is the units digit of x?
1
Let f(a) = -a**3 - 16*a**2 - 15*a + 3. Let w be f(-15). Suppose -w*h + h = d - 8, 0 = -d + 4. Suppose 156 = 6*s - h*s. What is the tens digit of s?
3
Let v(p) = 549*p**2 + 349*p + 15. What is the tens digit of v(-6)?
8
Suppose -3*d + 35 = 4*i, -21*i = -22*i + 5. What is the hundreds digit of (d - 13) + 6 + 447?
4
Let w be 154/21 - (-30)/18. Let r(y) = 3*y**3 - 22*y**2 + 9*y - 3. What is the tens digit of r(w)?
8
Let y(g) = -3*g + 22. Let s be y(7). Let l be 5/s - (6 + -6). Suppose -6 = 2*u, -l*m + m + 253 = 5*u. What is the tens digit of m?
6
Let p = 518 - 515. Let b(q) = 32*q**2 + 6*q - 12. What is the hundreds digit of b(p)?
2
Let w = 4363 - 3515. What is the hundreds digit of w?
8
Let v be ((-6)/27)/((-5)/90). Suppose -v*m = c - 48, -2*c + 6*c - 244 = -3*m. What is the tens digit of c?
6
Suppose 2*v = v + 3. Let o = -4376 - -4461. Suppose -v*c = -o - 119. What is the tens digit of c?
6
Suppose -673*b = -659*b - 343770. What is the ten thousands digit of b?
2
Let c = 11934 + -6273. What is the thousands digit of c?
5
Suppose -769 + 193 = -4*t + 2*g, 0 = 3*t + g - 437. Suppose -4*f - t = 4059. What is the tens digit of (-4)/(-16) - (f/4 - 2)?
6
Let p(b) = 65*b**3 - 2*b**2 + b + 1. Let d be p(1). Let g = 89 - d. Suppose -19*i - 270 = -g*i. What is the units digit of i?
4
Suppose 0 = 3*s - 12, -k - 3270 + 9309 = -3*s. What is the units digit of k?
1
Let k be (-548)/(-2) + (-2 - 1). Suppose -3*a = 4*g + 116 + k, -a - 195 = 2*g. Let c = g - -175. What is the units digit of c?
6
Suppose -5470 = -66*t + 1466660. What is the tens digit of t?
0
Let z(d) = -2*d**3 - 18*d**2 - 13*d + 13. Let p = -118 + 106. What is the tens digit of z(p)?
3
Let l = 10385 + -6542. What is the hundreds digit of l?
8
Let j = 2946 - 290. What is the units digit of j?
6
Suppose 3*v = 4*j + 475, 27*j - 5*v = 29*j + 205. Let f = 224 - j. What is the hundreds digit of f?
3
Suppose 554405 = 177*z - 433078. What is the tens digit of z?
7
Suppose -14*p + 5845 = -31129. What is the tens digit of p?
4
Let h = -109 - -80. Let k(b) = -15*b + 76. What is the hundreds digit of k(h)?
5
Let x be 5/((-20)/(-16336)) + (4 - 0). Suppose 0 = 305*h - 309*h + x. What is the tens digit of h?
2
Let q be 7/(-1) - -4 - -12. Suppose q*b - 2090 = -5*g + 6*b, -4*g - 2*b + 1672 = 0. What is the tens digit of g?
1
Let q(m) = 2*m**2 - 23*m + 15. Let s be q(7). What is the hundreds digit of (-8)/6 - 11776/s?
2
What is the ten thousands digit of (6/(-4))/((-2)/(-33) - 48244600/795709200)?
6
Let q be (-433)/5 + (-30)/(-50). Let w = -81 - q. Suppose 0 = -4*s - 4*r + 360, 2*s = -0*s + w*r + 208. What is the tens digit of s?
9
Suppose -5*q + 3 = -17. Suppose 3*j - 7 + q = -2*g, -2*g + 4*j + 38 = 0. Suppose -g*y + 658 = -2*y. What is the units digit of y?
4
Suppose 137070 = -355*q + 364*q. What is the thousands digit of q?
5
Let y(g) = g**2 - 38*g + 285. Let o be y(28). Suppose -2*k - 2*s + 3122 = 0, 0 = o*s - 6*s - 1. What is the units digit of k?
2
Suppose -5*u + 12*m - 10*m + 40 = 0, -2*m = -3*u + 24. Let j(x) = 2*x**3 + 3*x**2 + 2*x + 4. Let h be j(3). Suppose -h = -u*y + y. What is the units digit of y?
3
Let l = -413 + 1534. What is the thousands digit of l?
1
What is the units digit of 255/(-153)*(-7164)/20?
7
Let k(a) = 3*a + 15 - 13 - 1 + a**2 - 17. Let x be k(-6). Suppose 92 = x*n - 3*h, -3*n + 131 + 7 = 5*h. What is the units digit of n?
6
Let h be (4*2313/48)/((-6)/(-32)). Suppose -21*p - h = -22*p. What is the tens digit of p?
2
Suppose -4*p + 184*x - 179*x = -180947, -135780 = -3*p - 4*x. What is the thousands digit of p?
5
Let q(y) = 110*y - 106. Suppose -15*s - 15*s = -150. What is the hundreds digit of q(s)?
4
Suppose -2*q + 3*q - 47 = -c, -235 = -5*c + 5*q. Suppose -b = -5*a + c, -b + 22 = 2*a - 3*b. Suppose 0 = 6*h - a*h + 441. What is the units digit of h?
7
Let m(p) = 2*p**3 - 52*p**2 + 9*p - 25. What is the tens digit of m(27)?
7
Let v(r) = 4*r**2 + 2*r. Let c(b) be the second derivative of b**3/6 + 3*b**2/2 + 20*b. Let o be c(-8). What is the tens digit of v(o)?
9
Let i = 306 + -138. What is the units digit of 1 + i + 3/3?
0
Let k(q) = 442*q - 65. Let l be k(-3). Let z = 2096 + l. What is the tens digit of z?
0
Let k(t) = 45*t**3 + 2*t**2 - 2*t + 15. Let s = -378 + 381. What is the thousands digit of k(s)?
1
Suppose -4*z = -6*l + 83606, 0 = -4*l - 5*z + 58892 - 3124. What is the units digit of l?
7
Let f(y) be the third derivative of -29*y**4 - 11*y**3/3 - 145*y**2. What is the tens digit of f(-2)?
7
Suppose -156*i + 159*i = 23508. What is the hundreds digit of i?
8
Suppose 4*j = o - 4603, 3*j + 520 - 499 = 0. What is the hundreds digit of o?
5
Let l(k) = k - 209. Let d(o) = 70. Let a(z) = 7*d(z) + 2*l(z). Let y be a(-25). Suppose 26*i - 676 = y*i. What is the tens digit of i?
6
Suppose 33